the prime factors of p?
5
Suppose -148 = -4*d + p, -d + 74 = d + p. What are the prime factors of d?
37
Let v(l) = -7*l + 1. Let s be v(-1). Let j(o) = s + o - o - o. List the prime factors of j(0).
2
Suppose 2 = 5*x - 133. Suppose 5*k = 2*k + x. List the prime factors of k.
3
Suppose -3*h - 31 = -2*i - 0*i, 0 = i + h - 3. Suppose 5*c - c - i = 0. Suppose -76 = -5*t + c*q, -20 = -0*t - t - 2*q. List the prime factors of t.
2
Let w(q) = -q**2 + 4*q - 3. Let k be w(2). What are the prime factors of 4*(2 + k/(-4))?
7
Let w(c) = c**3 - 6*c**2 + 5*c - 10. Let q be w(6). Let i = 48 - q. What are the prime factors of i?
2, 7
Let t(o) = -3*o - 11. What are the prime factors of t(-13)?
2, 7
Let u = 13 - 8. Let p = 3 + u. List the prime factors of p.
2
Let w(k) = k**3 + 7*k**2 + 6*k + 6. Let h be w(-4). Suppose n - h = -2*l, n - 2*n + 9 = -5*l. What are the prime factors of n?
2, 3
Let x(q) = -q**3 + 7*q**2 - 3*q - 3. Let j = 2 + 3. List the prime factors of x(j).
2
Suppose 3*p + 2*s = -p + 38, -2*p + 2*s + 4 = 0. List the prime factors of p.
7
Let c be 22*(2 + (-2)/4). Suppose -27 - c = -3*w. What are the prime factors of w?
2, 5
Let i be ((-6)/(-4))/(9/24). Let n be (-2 + -18)*9/i. Let o = -29 - n. What are the prime factors of o?
2
Let u be (3 + -4)/((-1)/(-7)). Let m = 7 - 22. Let p = u - m. What are the prime factors of p?
2
Let u = -27 + 38. Suppose -3*d + 25 + u = 0. What are the prime factors of d?
2, 3
Let j(h) be the second derivative of h**3/6 + 7*h**2 + 2*h. Suppose -5*p = -3*l - 1 - 5, -2*l + 4*p - 2 = 0. What are the prime factors of j(l)?
7
Let f = 123 + -21. List the prime factors of f.
2, 3, 17
Suppose -5*j - 4*t - 12 - 8 = 0, 5*t + 25 = j. Let a(n) = -5 - n**3 + 11 + 2*n**2 - 3*n**2. List the prime factors of a(j).
2, 3
Let b(n) = n - 2. Let z = -9 + 13. Let o be b(z). Suppose -2*j - j - x + 25 = 0, -x = -o*j + 15. What are the prime factors of j?
2
Suppose 2*t + 14 = 4*t. Suppose p + d = t, 5*p - 21 = 3*d - 10. What are the prime factors of p?
2
Let d = -299 - -713. What are the prime factors of d?
2, 3, 23
Suppose -4*q = -8*q. List the prime factors of (-3 + q)*(-154)/21.
2, 11
Suppose -p - 9 = -3*l, -4*l = -5*p + 2 - 3. Suppose 3*r + 2*c - 10 = 11, r + l*c + 3 = 0. What are the prime factors of r?
3
Let b = -59 + 213. List the prime factors of b.
2, 7, 11
Let a(f) = f**2 + f + 19. Let r be a(0). Suppose -5*x - 16 = -2*c + r, -3*c - 3*x = 0. Suppose -g = u, -5*g + g + 36 = -c*u. List the prime factors of g.
2
Let o(j) = j**2 + 16*j - 12. List the prime factors of o(-17).
5
Suppose -7*k = 55 - 657. List the prime factors of k.
2, 43
Suppose -8 = c + 3*c. Let y be (-4 - 1*c) + 5. Suppose 9 - y = v. List the prime factors of v.
2, 3
Let q = -11 - -18. Suppose -q*m = -2*m - 5. Let u = m - -5. List the prime factors of u.
2, 3
Let n(f) = f**2 - 1. Let z be n(2). Suppose 5*x + 0*w - 3*w - 20 = 0, -z*x - 4*w = -12. Suppose -x*h + 8 = -3*h. What are the prime factors of h?
2
Let r = 12 + -10. List the prime factors of -14*2/(-4) - r.
5
Let w(s) = -s + 11. Let x be w(7). Let m = -4 + x. Suppose n - 9 = -m. List the prime factors of n.
3
Let v(t) = -39*t**3 - 2*t - 1. List the prime factors of v(-1).
2, 5
Suppose 2*l + 3*y + 2*y = 89, 3*y - 3 = 0. What are the prime factors of l?
2, 3, 7
Let n(c) = -c**2 + 9*c - 4. Let v be n(8). Suppose -2*m - 5*b = -51, 2*m - v*m + 33 = -b. List the prime factors of m.
2, 3
Let g = -16 + 20. Suppose -2*x = -g*x + 62. What are the prime factors of x?
31
Let q = -22 - -42. What are the prime factors of q?
2, 5
Suppose 2*q + 3 - 11 = 0. Suppose -3*d + 134 - 35 = 0. Suppose 0 = -h + q*h - d. What are the prime factors of h?
11
Suppose 3 = -j - 2*d, 0 = 4*j - 6*d + d - 27. Suppose j*o - 18 = 9. What are the prime factors of o?
3
Let y be 4/2*(5 + -3). Suppose 0*l - y*a = -3*l + 36, -4*l + 48 = -2*a. List the prime factors of l.
2, 3
Let o(j) = j - 2. Let w be o(4). Suppose -2*q - 4 = -5*u + 14, 8 = -w*q. List the prime factors of (u + 2)*2/4.
2
Suppose 0 = 3*n + 2*n. Suppose -h + n = -3. What are the prime factors of h?
3
Let h be 3/15 + 19/5. List the prime factors of 16/6 - h/6.
2
Suppose -5*u = -0*u - 380. What are the prime factors of u?
2, 19
Let i = 15 - 23. Let u = 16 + i. What are the prime factors of u?
2
Suppose -3*i + 30 = -33. What are the prime factors of i?
3, 7
Let w be (0/(-1) - 1) + 6. Let l(f) = f + 1. Let q(k) = 2*k + 5. Let d(h) = 4*l(h) - q(h). What are the prime factors of d(w)?
3
Let g(u) = -7*u + 36. List the prime factors of g(-10).
2, 53
Let l(z) = 3*z**2 - 2*z + 5. What are the prime factors of l(4)?
3, 5
Let s(h) = 2*h - 7 + 3 - 3. Let g be s(8). Suppose 0 = 2*x + 1 - g. What are the prime factors of x?
2
Suppose -24 = 4*u - 2*t, -4*u + 2*t - 12 = -2*u. Let i be 61/3 + 1/(-3). Let z = i + u. What are the prime factors of z?
2, 7
Suppose 38*y = 36*y + 140. List the prime factors of y.
2, 5, 7
Suppose 14*u = 12*u + 140. List the prime factors of u.
2, 5, 7
Let c = 4 + -2. Let f be 8/(c + 2 + -2). Suppose f*n = -0*n - 3*u + 56, -3*n - u + 42 = 0. List the prime factors of n.
2, 7
Suppose 0 = -5*o - m - 35, 4*m = 2*o + 39 - 3. Let d(q) = -10*q - q**2 - 9 + 5 + 0*q**2. What are the prime factors of d(o)?
2, 3
Let l = 163 + -79. What are the prime factors of l/9*(-6)/(-4)?
2, 7
Suppose 4*y - 4 = 16. Suppose 3*n - 3*k + 6 = 0, 4*n + n - 2 = -k. Suppose n = -4*h - 8, -y*d - 5 = 2*h - 66. List the prime factors of d.
13
Let o = -53 + 244. What are the prime factors of o?
191
Let s = -5 - -7. Suppose -s*o - 18 + 82 = 0. What are the prime factors of o?
2
Let k(z) = -z**2 - 7*z + 4. Let a be k(-7). Suppose a*h - 8*h + 16 = 0. What are the prime factors of h?
2
Suppose 4*m + 5*b = 6, 7*m + 5*b = 2*m + 5. Suppose -2*r + 25 = 5. Let v = r + m. What are the prime factors of v?
3
Suppose 4*b - 53 = b - k, -5*b = 4*k - 79. List the prime factors of b.
19
Let c(l) = 16*l + 17. List the prime factors of c(7).
3, 43
Let z(m) = 10*m - 4 - 6*m - 7. List the prime factors of z(8).
3, 7
Suppose v + y = -6, -12 = 5*y + 3. What are the prime factors of v/(-6) + 22/4?
2, 3
Let k(v) = -v**3 - v**2 + 1. What are the prime factors of k(-4)?
7
Suppose -10*z = -16*z + 924. List the prime factors of z.
2, 7, 11
Let j(o) = o**3 - o**2 - 2*o + 2. Let f be j(3). Let a be f/(2 + 0)*1. Suppose a*r = 2*r + 25. List the prime factors of r.
5
Suppose -l - 7 = -3*l - j, 2*l + 4*j = 16. List the prime factors of (l - -11)*(1 + 0).
13
Suppose r - 12 = -2*r. Suppose 0 = r*o - 0*o - 56. What are the prime factors of o?
2, 7
Let a = 21 - 16. Suppose a*m - 3*m = 14. List the prime factors of m.
7
Let t be ((-6)/4)/(3/(-12)). Suppose -3*r = -0*r - t. What are the prime factors of r?
2
Suppose -5*d = 2*a - 3, -2*d + 9 = a - 7*d. Suppose -a*w + w = -48. List the prime factors of w.
2
Let k = 39 + -15. List the prime factors of 354/k - 1/(-4).
3, 5
What are the prime factors of 6/(-8) - (-15)/20 - -48?
2, 3
Let i(h) = -h**3 - 2*h**2 + 4*h - 1. Let f be i(-5). Suppose -4*b = -b - f. List the prime factors of b.
2, 3
Let c(a) = -a + 7. Let u be c(5). Suppose o = -4*y, -y + u = 2*o - 12. List the prime factors of o.
2
Suppose 2*b = -2*k + k + 5, 17 = 5*b + k. List the prime factors of -32*b/((-8)/2).
2
Suppose -8*m = -9*m + 270. List the prime factors of m.
2, 3, 5
Let o(l) = l**3 + 2*l**2 + l. Let n be o(-2). List the prime factors of (10/(-35))/(n/14).
2
Let m be (2 + 1)/(3/5). Suppose 10 = -4*s - 2*o - 0*o, -m*s - 5 = o. Let w = s - -12. What are the prime factors of w?
2, 3
Let u(d) = d**3 + d**2 - d - 1. Let t(i) = -6*i**3 - 3*i**2 + 4*i + 4. Let f(w) = -t(w) - 5*u(w). List the prime factors of f(3).
13
Suppose -7 = 3*a - 4*a. Let h be ((1 - (-15)/(-6)) + 0)*-2. Suppose a = m + h*u - 6, -4*u = m - 14. What are the prime factors of m?
2, 5
Suppose 3*d = -2*d. Suppose d = v - 3 - 3. Suppose 10 = u - p, -3*u - p - 34 = -v*u. List the prime factors of u.
2, 3
What are the prime factors of ((-13482)/10)/(-9) + 1/5?
2, 3, 5
Let k = 5 - 12. Let u(f) = -3*f - 6. List the prime factors of u(k).
3, 5
Let h(n) = n + 4. Let z be h(7). Suppose 0 = -z*k + 6*k + 70. List the prime factors of k.
2, 7
Let o be (-3)/(-18) - (-334)/12. Suppose -x - x = -o. List the prime factors of 76/6 - x/21.
2, 3
Let t(y) = -y**2 + 2*y + 6. Let u be t(6). Let j 